{"id":204,"date":"2023-06-30T17:37:41","date_gmt":"2023-06-30T17:37:41","guid":{"rendered":"https:\/\/consultorioempresario.com.ar\/?page_id=204"},"modified":"2023-07-12T11:46:35","modified_gmt":"2023-07-12T11:46:35","slug":"blog","status":"publish","type":"page","link":"https:\/\/consultorioempresario.com.ar\/index.php\/blog\/","title":{"rendered":"Blog"},"content":{"rendered":"\t\t<div data-elementor-type=\"wp-page\" data-elementor-id=\"204\" class=\"elementor elementor-204\">\n\t\t\t\t\t\t<section class=\"elementor-section elementor-top-section elementor-element elementor-element-47affd8 elementor-section-content-middle elementor-section-height-min-height elementor-section-boxed elementor-section-height-default elementor-section-items-middle\" data-id=\"47affd8\" data-element_type=\"section\" data-settings=\"{&quot;background_background&quot;:&quot;classic&quot;}\">\n\t\t\t\t\t\t\t<div class=\"elementor-background-overlay\"><\/div>\n\t\t\t\t\t\t\t<div class=\"elementor-container elementor-column-gap-default\">\n\t\t\t\t\t<div class=\"elementor-column elementor-col-100 elementor-top-column elementor-element elementor-element-ef93dcd\" data-id=\"ef93dcd\" data-element_type=\"column\">\n\t\t\t<div class=\"elementor-widget-wrap elementor-element-populated\">\n\t\t\t\t\t\t<div class=\"elementor-element elementor-element-ca82eec elementor-widget elementor-widget-heading\" data-id=\"ca82eec\" data-element_type=\"widget\" data-widget_type=\"heading.default\">\n\t\t\t\t<div class=\"elementor-widget-container\">\n\t\t\t\t\t<h2 class=\"elementor-heading-title elementor-size-default\">PENSANDO EN VOZ ALTA<\/h2>\t\t\t\t<\/div>\n\t\t\t\t<\/div>\n\t\t\t\t\t<\/div>\n\t\t<\/div>\n\t\t\t\t\t<\/div>\n\t\t<\/section>\n\t\t\t\t<section class=\"elementor-section elementor-top-section elementor-element elementor-element-62b31fd elementor-section-boxed elementor-section-height-default elementor-section-height-default\" data-id=\"62b31fd\" data-element_type=\"section\">\n\t\t\t\t\t\t<div class=\"elementor-container elementor-column-gap-default\">\n\t\t\t\t\t<div class=\"elementor-column elementor-col-100 elementor-top-column elementor-element elementor-element-a88b131\" data-id=\"a88b131\" data-element_type=\"column\">\n\t\t\t<div class=\"elementor-widget-wrap elementor-element-populated\">\n\t\t\t\t\t\t<div class=\"elementor-element elementor-element-a68d9ed elementor-widget elementor-widget-spacer\" data-id=\"a68d9ed\" data-element_type=\"widget\" data-widget_type=\"spacer.default\">\n\t\t\t\t<div class=\"elementor-widget-container\">\n\t\t\t\t\t\t\t<div class=\"elementor-spacer\">\n\t\t\t<div class=\"elementor-spacer-inner\"><\/div>\n\t\t<\/div>\n\t\t\t\t\t\t<\/div>\n\t\t\t\t<\/div>\n\t\t\t\t\t<\/div>\n\t\t<\/div>\n\t\t\t\t\t<\/div>\n\t\t<\/section>\n\t\t\t\t<section class=\"elementor-section elementor-top-section elementor-element elementor-element-2ee161a elementor-section-boxed elementor-section-height-default elementor-section-height-default\" data-id=\"2ee161a\" data-element_type=\"section\">\n\t\t\t\t\t\t<div class=\"elementor-container elementor-column-gap-default\">\n\t\t\t\t\t<div class=\"elementor-column elementor-col-100 elementor-top-column elementor-element elementor-element-081696f\" data-id=\"081696f\" data-element_type=\"column\">\n\t\t\t<div class=\"elementor-widget-wrap elementor-element-populated\">\n\t\t\t\t\t\t<div class=\"elementor-element elementor-element-c130f3c elementor-grid-3 elementor-grid-tablet-2 elementor-grid-mobile-1 elementor-posts--thumbnail-top elementor-card-shadow-yes elementor-posts__hover-gradient elementor-widget elementor-widget-posts\" data-id=\"c130f3c\" data-element_type=\"widget\" data-settings=\"{&quot;cards_columns&quot;:&quot;3&quot;,&quot;cards_columns_tablet&quot;:&quot;2&quot;,&quot;cards_columns_mobile&quot;:&quot;1&quot;,&quot;cards_row_gap&quot;:{&quot;unit&quot;:&quot;px&quot;,&quot;size&quot;:35,&quot;sizes&quot;:[]},&quot;cards_row_gap_tablet&quot;:{&quot;unit&quot;:&quot;px&quot;,&quot;size&quot;:&quot;&quot;,&quot;sizes&quot;:[]},&quot;cards_row_gap_mobile&quot;:{&quot;unit&quot;:&quot;px&quot;,&quot;size&quot;:&quot;&quot;,&quot;sizes&quot;:[]}}\" data-widget_type=\"posts.cards\">\n\t\t\t\t<div class=\"elementor-widget-container\">\n\t\t\t\t\t\t\t<div class=\"elementor-posts-container elementor-posts elementor-posts--skin-cards elementor-grid\">\n\t\t\t\t<article class=\"elementor-post elementor-grid-item post-428 post type-post status-publish format-standard has-post-thumbnail hentry category-blog tag-b2b tag-duenos tag-equipo-comercial tag-vendedores\">\n\t\t\t<div class=\"elementor-post__card\">\n\t\t\t\t<a class=\"elementor-post__thumbnail__link\" href=\"https:\/\/consultorioempresario.com.ar\/index.php\/tu-equipo-comercial-es-un-caos-es-fragil-o-profesional\/2025\/06\/16\/\" ><div class=\"elementor-post__thumbnail\"><img fetchpriority=\"high\" decoding=\"async\" width=\"300\" height=\"180\" src=\"https:\/\/consultorioempresario.com.ar\/wp-content\/uploads\/2025\/06\/coaching-empresarial-1-300x180.jpg\" class=\"attachment-medium size-medium wp-image-430\" alt=\"\" srcset=\"https:\/\/consultorioempresario.com.ar\/wp-content\/uploads\/2025\/06\/coaching-empresarial-1-300x180.jpg 300w, https:\/\/consultorioempresario.com.ar\/wp-content\/uploads\/2025\/06\/coaching-empresarial-1-1024x614.jpg 1024w, https:\/\/consultorioempresario.com.ar\/wp-content\/uploads\/2025\/06\/coaching-empresarial-1-768x461.jpg 768w, https:\/\/consultorioempresario.com.ar\/wp-content\/uploads\/2025\/06\/coaching-empresarial-1.jpg 1100w\" sizes=\"(max-width: 300px) 100vw, 300px\" \/><\/div><\/a>\n\t\t\t\t<div class=\"elementor-post__text\">\n\t\t\t\t<h3 class=\"elementor-post__title\">\n\t\t\t<a href=\"https:\/\/consultorioempresario.com.ar\/index.php\/tu-equipo-comercial-es-un-caos-es-fragil-o-profesional\/2025\/06\/16\/\" >\n\t\t\t\tTu equipo comercial \u00bfes un caos, es fr\u00e1gil o profesional?\t\t\t<\/a>\n\t\t<\/h3>\n\t\t\t\t<div class=\"elementor-post__excerpt\">\n\t\t\t<p>\u00bfEst\u00e1s conforme con la din\u00e1mica de tu equipo comercial? Es el equipo de tus sue\u00f1os o a\u00fan le falta estructurarse para serlo.<\/p>\n\t\t<\/div>\n\t\t\n\t\t<a class=\"elementor-post__read-more\" href=\"https:\/\/consultorioempresario.com.ar\/index.php\/tu-equipo-comercial-es-un-caos-es-fragil-o-profesional\/2025\/06\/16\/\" aria-label=\"Read more about Tu equipo comercial \u00bfes un caos, es fr\u00e1gil o profesional?\" >\n\t\t\tLeer m\u00e1s \u00bb\t\t<\/a>\n\n\t\t\t\t<\/div>\n\t\t\t\t\t<\/div>\n\t\t<\/article>\n\t\t\t\t<article class=\"elementor-post elementor-grid-item post-421 post type-post status-publish format-standard has-post-thumbnail hentry category-blog tag-ai tag-b2b tag-competenciasblandas tag-habilidades tag-ia\">\n\t\t\t<div class=\"elementor-post__card\">\n\t\t\t\t<a class=\"elementor-post__thumbnail__link\" href=\"https:\/\/consultorioempresario.com.ar\/index.php\/aun-seguimos-siendo-irremplazables\/2025\/01\/27\/\" ><div class=\"elementor-post__thumbnail\"><img decoding=\"async\" width=\"300\" height=\"200\" src=\"https:\/\/consultorioempresario.com.ar\/wp-content\/uploads\/2025\/01\/vista-robot-junto-al-empresario-humano_23-2150912089-1024x683-1-300x200.jpg\" class=\"attachment-medium size-medium wp-image-422\" alt=\"Habilidades humanas Vs robots de IA\" srcset=\"https:\/\/consultorioempresario.com.ar\/wp-content\/uploads\/2025\/01\/vista-robot-junto-al-empresario-humano_23-2150912089-1024x683-1-300x200.jpg 300w, https:\/\/consultorioempresario.com.ar\/wp-content\/uploads\/2025\/01\/vista-robot-junto-al-empresario-humano_23-2150912089-1024x683-1-768x512.jpg 768w, https:\/\/consultorioempresario.com.ar\/wp-content\/uploads\/2025\/01\/vista-robot-junto-al-empresario-humano_23-2150912089-1024x683-1.jpg 1024w\" sizes=\"(max-width: 300px) 100vw, 300px\" \/><\/div><\/a>\n\t\t\t\t<div class=\"elementor-post__text\">\n\t\t\t\t<h3 class=\"elementor-post__title\">\n\t\t\t<a href=\"https:\/\/consultorioempresario.com.ar\/index.php\/aun-seguimos-siendo-irremplazables\/2025\/01\/27\/\" >\n\t\t\t\tAUN SEGUIMOS SIENDO IRREMPLAZABLES\t\t\t<\/a>\n\t\t<\/h3>\n\t\t\t\t<div class=\"elementor-post__excerpt\">\n\t\t\t<p>La Inteligencia Artificial, a\u00fan, no ha logrado emular las emociones, habilidades sociales ni las competencias blandas que tenemos los seres humanos.<br \/>\n\u00bfLo lograr\u00e1 alg\u00fan d\u00eda?<br \/>\n\u00bfQu\u00e9 est\u00e1n haciendo las empresas para desarrollar nuestras habilidades m\u00e1s humanas?<\/p>\n\t\t<\/div>\n\t\t\n\t\t<a class=\"elementor-post__read-more\" href=\"https:\/\/consultorioempresario.com.ar\/index.php\/aun-seguimos-siendo-irremplazables\/2025\/01\/27\/\" aria-label=\"Read more about AUN SEGUIMOS SIENDO IRREMPLAZABLES\" >\n\t\t\tLeer m\u00e1s \u00bb\t\t<\/a>\n\n\t\t\t\t<\/div>\n\t\t\t\t\t<\/div>\n\t\t<\/article>\n\t\t\t\t<article class=\"elementor-post elementor-grid-item post-409 post type-post status-publish format-standard has-post-thumbnail hentry category-blog tag-capacitaciones tag-crm tag-cursos tag-negocio-b2b tag-vendedores tag-ventas\">\n\t\t\t<div class=\"elementor-post__card\">\n\t\t\t\t<a class=\"elementor-post__thumbnail__link\" href=\"https:\/\/consultorioempresario.com.ar\/index.php\/tu-negocio-es-un-iceberg\/2024\/11\/19\/\" ><div class=\"elementor-post__thumbnail\"><img decoding=\"async\" width=\"300\" height=\"169\" src=\"https:\/\/consultorioempresario.com.ar\/wp-content\/uploads\/2024\/11\/iceberg-300x169.webp\" class=\"attachment-medium size-medium wp-image-413\" alt=\"\" srcset=\"https:\/\/consultorioempresario.com.ar\/wp-content\/uploads\/2024\/11\/iceberg-300x169.webp 300w, https:\/\/consultorioempresario.com.ar\/wp-content\/uploads\/2024\/11\/iceberg-1024x576.webp 1024w, https:\/\/consultorioempresario.com.ar\/wp-content\/uploads\/2024\/11\/iceberg-768x432.webp 768w, https:\/\/consultorioempresario.com.ar\/wp-content\/uploads\/2024\/11\/iceberg.webp 1320w\" sizes=\"(max-width: 300px) 100vw, 300px\" \/><\/div><\/a>\n\t\t\t\t<div class=\"elementor-post__text\">\n\t\t\t\t<h3 class=\"elementor-post__title\">\n\t\t\t<a href=\"https:\/\/consultorioempresario.com.ar\/index.php\/tu-negocio-es-un-iceberg\/2024\/11\/19\/\" >\n\t\t\t\tTu negocio es un Iceberg\t\t\t<\/a>\n\t\t<\/h3>\n\t\t\t\t<div class=\"elementor-post__excerpt\">\n\t\t\t<p>En las empresas hay aspectos que se pueden observar a diario en la gesti\u00f3n de los euipos de venta y otras que s\u00f3lo indagando un poco m\u00e1s en profundidad se detectan. Generalmente, cuando queremos mejorar los rendimientos comerciales, hay que indaga m\u00e1s profundo para encontrar las causas de los problemas comerciales.<\/p>\n\t\t<\/div>\n\t\t\n\t\t<a class=\"elementor-post__read-more\" href=\"https:\/\/consultorioempresario.com.ar\/index.php\/tu-negocio-es-un-iceberg\/2024\/11\/19\/\" aria-label=\"Read more about Tu negocio es un Iceberg\" >\n\t\t\tLeer m\u00e1s \u00bb\t\t<\/a>\n\n\t\t\t\t<\/div>\n\t\t\t\t\t<\/div>\n\t\t<\/article>\n\t\t\t\t<article class=\"elementor-post elementor-grid-item post-321 post type-post status-publish format-standard has-post-thumbnail hentry category-blog tag-duenos tag-mentalidad tag-mindset tag-modelosmentales\">\n\t\t\t<div class=\"elementor-post__card\">\n\t\t\t\t<a class=\"elementor-post__thumbnail__link\" href=\"https:\/\/consultorioempresario.com.ar\/index.php\/a-veces-saber-duele\/2023\/07\/11\/\" ><div class=\"elementor-post__thumbnail\"><img loading=\"lazy\" decoding=\"async\" width=\"300\" height=\"169\" src=\"https:\/\/consultorioempresario.com.ar\/wp-content\/uploads\/2023\/07\/slider-consultoria-300x169.jpg\" class=\"attachment-medium size-medium wp-image-322\" alt=\"\" srcset=\"https:\/\/consultorioempresario.com.ar\/wp-content\/uploads\/2023\/07\/slider-consultoria-300x169.jpg 300w, https:\/\/consultorioempresario.com.ar\/wp-content\/uploads\/2023\/07\/slider-consultoria-1024x576.jpg 1024w, https:\/\/consultorioempresario.com.ar\/wp-content\/uploads\/2023\/07\/slider-consultoria-768x432.jpg 768w, https:\/\/consultorioempresario.com.ar\/wp-content\/uploads\/2023\/07\/slider-consultoria-1536x864.jpg 1536w, https:\/\/consultorioempresario.com.ar\/wp-content\/uploads\/2023\/07\/slider-consultoria.jpg 1920w\" sizes=\"(max-width: 300px) 100vw, 300px\" \/><\/div><\/a>\n\t\t\t\t<div class=\"elementor-post__text\">\n\t\t\t\t<h3 class=\"elementor-post__title\">\n\t\t\t<a href=\"https:\/\/consultorioempresario.com.ar\/index.php\/a-veces-saber-duele\/2023\/07\/11\/\" >\n\t\t\t\tA veces, saber duele\t\t\t<\/a>\n\t\t<\/h3>\n\t\t\t\t<div class=\"elementor-post__excerpt\">\n\t\t\t<p>\u00bfQu\u00e9 esperas de un consultor? \u00bfQueres que valide lo que vos ya pens\u00e1s o preferis que desaf\u00ede tus modelos mentales y te proponga una perspeciva que desconoc\u00edas?<\/p>\n\t\t<\/div>\n\t\t\n\t\t<a class=\"elementor-post__read-more\" href=\"https:\/\/consultorioempresario.com.ar\/index.php\/a-veces-saber-duele\/2023\/07\/11\/\" aria-label=\"Read more about A veces, saber duele\" >\n\t\t\tLeer m\u00e1s \u00bb\t\t<\/a>\n\n\t\t\t\t<\/div>\n\t\t\t\t\t<\/div>\n\t\t<\/article>\n\t\t\t\t<article class=\"elementor-post elementor-grid-item post-306 post type-post status-publish format-standard has-post-thumbnail hentry category-blog tag-duenos tag-mentalidad tag-mindset tag-vendedores\">\n\t\t\t<div class=\"elementor-post__card\">\n\t\t\t\t<a class=\"elementor-post__thumbnail__link\" href=\"https:\/\/consultorioempresario.com.ar\/index.php\/mentalidad-de-dueno\/2023\/07\/11\/\" ><div class=\"elementor-post__thumbnail\"><img loading=\"lazy\" decoding=\"async\" width=\"300\" height=\"150\" src=\"https:\/\/consultorioempresario.com.ar\/wp-content\/uploads\/2023\/07\/mente-activa-300x150.jpeg\" class=\"attachment-medium size-medium wp-image-307\" alt=\"\" srcset=\"https:\/\/consultorioempresario.com.ar\/wp-content\/uploads\/2023\/07\/mente-activa-300x150.jpeg 300w, https:\/\/consultorioempresario.com.ar\/wp-content\/uploads\/2023\/07\/mente-activa-1024x512.jpeg 1024w, https:\/\/consultorioempresario.com.ar\/wp-content\/uploads\/2023\/07\/mente-activa-768x384.jpeg 768w, https:\/\/consultorioempresario.com.ar\/wp-content\/uploads\/2023\/07\/mente-activa-1536x768.jpeg 1536w, https:\/\/consultorioempresario.com.ar\/wp-content\/uploads\/2023\/07\/mente-activa.jpeg 1900w\" sizes=\"(max-width: 300px) 100vw, 300px\" \/><\/div><\/a>\n\t\t\t\t<div class=\"elementor-post__text\">\n\t\t\t\t<h3 class=\"elementor-post__title\">\n\t\t\t<a href=\"https:\/\/consultorioempresario.com.ar\/index.php\/mentalidad-de-dueno\/2023\/07\/11\/\" >\n\t\t\t\tMentalidad de due\u00f1o\t\t\t<\/a>\n\t\t<\/h3>\n\t\t\t\t<div class=\"elementor-post__excerpt\">\n\t\t\t<p>Los sue\u00f1os y preocupaciones del due\u00f1o de una pyme son parte de la manera en que dirigen su negocio y tiene efectos en los resultados que consigue.<\/p>\n\t\t<\/div>\n\t\t\n\t\t<a class=\"elementor-post__read-more\" href=\"https:\/\/consultorioempresario.com.ar\/index.php\/mentalidad-de-dueno\/2023\/07\/11\/\" aria-label=\"Read more about Mentalidad de due\u00f1o\" >\n\t\t\tLeer m\u00e1s \u00bb\t\t<\/a>\n\n\t\t\t\t<\/div>\n\t\t\t\t\t<\/div>\n\t\t<\/article>\n\t\t\t\t<article class=\"elementor-post elementor-grid-item post-238 post type-post status-publish format-standard has-post-thumbnail hentry category-blog tag-mentalidad tag-mindset tag-modelosmentales\">\n\t\t\t<div class=\"elementor-post__card\">\n\t\t\t\t<a class=\"elementor-post__thumbnail__link\" href=\"https:\/\/consultorioempresario.com.ar\/index.php\/ejemplo-3\/2023\/07\/03\/\" ><div class=\"elementor-post__thumbnail\"><img loading=\"lazy\" decoding=\"async\" width=\"300\" height=\"196\" src=\"https:\/\/consultorioempresario.com.ar\/wp-content\/uploads\/2023\/07\/Learn-FX-trading-and-Become-an-Independent-FX-Trader-3-300x196.jpg\" class=\"attachment-medium size-medium wp-image-319\" alt=\"\" srcset=\"https:\/\/consultorioempresario.com.ar\/wp-content\/uploads\/2023\/07\/Learn-FX-trading-and-Become-an-Independent-FX-Trader-3-300x196.jpg 300w, https:\/\/consultorioempresario.com.ar\/wp-content\/uploads\/2023\/07\/Learn-FX-trading-and-Become-an-Independent-FX-Trader-3-768x501.jpg 768w, https:\/\/consultorioempresario.com.ar\/wp-content\/uploads\/2023\/07\/Learn-FX-trading-and-Become-an-Independent-FX-Trader-3.jpg 800w\" sizes=\"(max-width: 300px) 100vw, 300px\" \/><\/div><\/a>\n\t\t\t\t<div class=\"elementor-post__text\">\n\t\t\t\t<h3 class=\"elementor-post__title\">\n\t\t\t<a href=\"https:\/\/consultorioempresario.com.ar\/index.php\/ejemplo-3\/2023\/07\/03\/\" >\n\t\t\t\tSu primer mill\u00f3n\t\t\t<\/a>\n\t\t<\/h3>\n\t\t\t\t<div class=\"elementor-post__excerpt\">\n\t\t\t<p>Los modelos mentales con los que operamos, trabajamos y nos relacionamos con los clientes afectan nuestros resultados<\/p>\n\t\t<\/div>\n\t\t\n\t\t<a class=\"elementor-post__read-more\" href=\"https:\/\/consultorioempresario.com.ar\/index.php\/ejemplo-3\/2023\/07\/03\/\" aria-label=\"Read more about Su primer mill\u00f3n\" >\n\t\t\tLeer m\u00e1s \u00bb\t\t<\/a>\n\n\t\t\t\t<\/div>\n\t\t\t\t\t<\/div>\n\t\t<\/article>\n\t\t\t\t<\/div>\n\t\t\n\t\t\t\t\t\t<\/div>\n\t\t\t\t<\/div>\n\t\t\t\t\t<\/div>\n\t\t<\/div>\n\t\t\t\t\t<\/div>\n\t\t<\/section>\n\t\t\t\t<\/div>\n\t\t","protected":false},"excerpt":{"rendered":"<p>PENSANDO EN VOZ ALTA<\/p>\n","protected":false},"author":1,"featured_media":0,"parent":0,"menu_order":0,"comment_status":"closed","ping_status":"closed","template":"elementor_header_footer","meta":{"footnotes":""},"class_list":["post-204","page","type-page","status-publish","hentry"],"_links":{"self":[{"href":"https:\/\/consultorioempresario.com.ar\/index.php\/wp-json\/wp\/v2\/pages\/204","targetHints":{"allow":["GET"]}}],"collection":[{"href":"https:\/\/consultorioempresario.com.ar\/index.php\/wp-json\/wp\/v2\/pages"}],"about":[{"href":"https:\/\/consultorioempresario.com.ar\/index.php\/wp-json\/wp\/v2\/types\/page"}],"author":[{"embeddable":true,"href":"https:\/\/consultorioempresario.com.ar\/index.php\/wp-json\/wp\/v2\/users\/1"}],"replies":[{"embeddable":true,"href":"https:\/\/consultorioempresario.com.ar\/index.php\/wp-json\/wp\/v2\/comments?post=204"}],"version-history":[{"count":13,"href":"https:\/\/consultorioempresario.com.ar\/index.php\/wp-json\/wp\/v2\/pages\/204\/revisions"}],"predecessor-version":[{"id":341,"href":"https:\/\/consultorioempresario.com.ar\/index.php\/wp-json\/wp\/v2\/pages\/204\/revisions\/341"}],"wp:attachment":[{"href":"https:\/\/consultorioempresario.com.ar\/index.php\/wp-json\/wp\/v2\/media?parent=204"}],"curies":[{"name":"wp","href":"https:\/\/api.w.org\/{rel}","templated":true}]}}